te the highest common factor of 5 and f.
5
Let l be 4744/10 - (-4)/(-10). Let a be 2/(-3) - l/(-9). What is the highest common divisor of 13 and a?
13
Let s(k) = -4*k - 1. Let c be s(1). Let a = -4 - c. Let n = 7 - 5. Calculate the highest common factor of n and a.
1
Suppose 3*c = 4*c - 17. Calculate the greatest common factor of c and 153.
17
Let p = 73 + -43. Let w(f) = 3*f**2. Suppose 4*k + 0*k = 20. Let s be w(k). Calculate the greatest common factor of p and s.
15
Suppose 2*w = -31 - 11. Let s = w - -29. Calculate the greatest common factor of s and 48.
8
Suppose 0 = -0*u - 2*u + 4, -h + 20 = -3*u. What is the highest common factor of 65 and h?
13
Let o = 81 + -62. Suppose 126 = 3*n - 45. Calculate the highest common divisor of n and o.
19
Let d = 292 + -197. What is the greatest common divisor of 57 and d?
19
Let l(w) = w**3 - 10*w**2 - 5 - w - w + 18*w**2. Let u be l(-7). What is the highest common factor of u and 145?
29
Let v be (-36)/5*-5*10/15. Calculate the greatest common divisor of v and 32.
8
Suppose -4*f = -0*m + 5*m - 71, -2*f = 5*m - 43. Calculate the greatest common factor of 21 and f.
7
Suppose -8*u + 76 = -12*u. Let p = -10 - u. What is the highest common factor of 36 and p?
9
Let i = -111 - -162. What is the highest common divisor of i and 17?
17
Let x be 628/6 + 3/9. Calculate the highest common divisor of 15 and x.
15
Let k = -2 - -11. Suppose w + 5*z = 20, 4 = 2*w - 5*z + k. Calculate the greatest common factor of w and 20.
5
Let p be 15/25 - (-208)/20. Suppose 5*s - 4*l = 434, -s + 4*l + p = -63. Calculate the highest common factor of 10 and s.
10
Suppose 2*j + 240 = -2*j. Let b = 105 + j. Calculate the greatest common factor of 15 and b.
15
Suppose -2*r - 1 = 3. Let x = r + 13. What is the greatest common divisor of x and 110?
11
Let u be (17/(-3))/(2/(-6)). Suppose 0 = -4*c + 10 + 194. What is the greatest common factor of c and u?
17
Let s = 213 + -111. Suppose -s = -5*u + 123. What is the highest common divisor of u and 5?
5
Let h = -4 - -7. Suppose h*q + 8 = -10. Let w be -14*(q/(-4))/(-3). What is the greatest common factor of w and 7?
7
Let l be -11*(4 + -9 + 2). Calculate the greatest common factor of 11 and l.
11
Suppose h - 4*w + 19 = 0, 6 = -h - 2*h - 5*w. Let n = 13 + h. What is the greatest common divisor of n and 6?
6
Suppose 2*b - 2 = 2. Suppose 4 = u + b. Let t be u/3*3 + 0. What is the highest common divisor of 18 and t?
2
Let g be 6 - -1 - (1 - -2). Suppose 3 = x - 5. Calculate the greatest common factor of x and g.
4
Let j = 156 + -76. Calculate the highest common divisor of j and 10.
10
Suppose 2*k - 4*j - j + 27 = 0, -k - 18 = -4*j. Let a be (0 - 3/k)*0. Suppose -3*r + 4*r - 10 = a. What is the highest common factor of 70 and r?
10
Let i be (1/2)/((-1)/(-6)). Let a be -1 + i + -1 + 4. Suppose 5*u + 2 - a = -m, 3*u + 58 = 4*m. Calculate the highest common factor of 143 and m.
13
Let s(o) = 5*o**2 - 6*o - 10. Let a be s(-5). What is the highest common factor of 29 and a?
29
Suppose -3*n + 15 = 4*o, o = 2*n - 12 + 2. Suppose -n*y + 39 = 4*u - 41, 0 = 2*u - 10. Calculate the highest common divisor of y and 132.
12
Let z = 10 + -2. Suppose 0 = -3*p - 1 + 7. Calculate the highest common divisor of p and z.
2
Let y(g) = 16*g + 1. Let s(x) = 8*x. Let b(m) = -11*s(m) + 6*y(m). Let n be b(8). Calculate the greatest common factor of 10 and n.
10
Suppose -10 = 4*f - 14. Let v(j) = j**3 + 5*j**2 - 5. Let d be v(-4). Calculate the highest common divisor of d and f.
1
Suppose -3*n + n - 2*j = -12, 5*n + 2*j = 24. Suppose -m = -5 + 1. Suppose 2*c + 12 + 16 = v, -m*v + 104 = -n*c. What is the highest common factor of 16 and v?
8
Let z be (-1 + (-33)/(-5))/((-64)/(-160)). Calculate the greatest common factor of 49 and z.
7
Let h be -1 - (-58 + -1)/1. Suppose -12 = q - 3*r - h, 3*r - 90 = -3*q. Calculate the greatest common factor of q and 17.
17
Let g = 11 + -7. Suppose 3*j = g*j + 2*m - 11, 0 = 5*j - 5*m - 85. What is the greatest common factor of 105 and j?
15
Let i be (45/6)/(-3)*-82. What is the greatest common factor of i and 82?
41
Let v(u) = 10*u - 2. Let k be v(3). What is the greatest common divisor of k and 7?
7
Let a(w) = 3*w + 88. Let u be a(-28). Calculate the highest common factor of 14 and u.
2
Suppose 5*j - 46 - 34 = 0. Calculate the greatest common factor of 48 and j.
16
Let r = -114 - -70. Let l be r/(-10) + (-2)/5. Suppose 3*a + 0*c = l*c + 82, -4*a + 4*c = -104. Calculate the highest common divisor of a and 11.
11
Let j = 6 + 1. Suppose -7*v - 4*o + 72 = -2*v, 48 = 3*v + 4*o. Let y be 21/v*2*14. What is the highest common divisor of j and y?
7
Let y(r) = 2*r - 3. Let g be y(2). Suppose -27 = -5*z - 4*f, 2*z - 3*z + 4*f + 15 = 0. What is the greatest common divisor of z and g?
1
Let q(f) = f**2 + 13*f + 9. Let o be q(-14). What is the highest common divisor of 23 and o?
23
Suppose -4*z + 20 = -68. What is the highest common divisor of z and 55?
11
Suppose 2*w = -i - 2*i + 244, -i + w = -78. What is the greatest common factor of i and 16?
16
Let d = 0 - -88. What is the greatest common factor of d and 8?
8
Let u be 3 - 2*9/6. Suppose u = -4*h + 2*y + 18, -4*h = h - y - 27. Calculate the highest common factor of h and 66.
6
Let q(j) = j**3 + 10*j**2 + 17*j + 7. Let f be q(-7). Calculate the highest common divisor of f and 5.
5
Suppose -7*w + 6*w + 22 = 0. Calculate the highest common factor of 2 and w.
2
Let j(r) = -r**2 + 4*r + 1. Let n be j(2). Suppose -4*g + 81 = -n*y, -g + 2*y + 20 = -4. What is the greatest common factor of 42 and g?
14
Suppose 18 + 13 = 5*x + 2*n, x + 2*n = 11. Suppose -4*s + 5*s - 25 = 0. Calculate the highest common factor of s and x.
5
Let z be (-105 - 1)*(-5)/10. Suppose -3*k - z = -4*r - 2*k, -5*r = -4*k - 69. Suppose 0 = 2*d + d - 39. Calculate the highest common divisor of r and d.
13
Suppose 0 = 3*q + 16 - 25. Let z be -18*(q - 34/6). What is the highest common factor of 6 and z?
6
Suppose 2*j = 6*j - 508. Let t = -50 + j. What is the greatest common factor of 7 and t?
7
Suppose -10 = -5*p - 5*a, -2*p + p = 4*a - 8. Suppose 5*t - 43 - 17 = p. What is the greatest common factor of t and 132?
12
Let l(h) = -2*h**3 - 5*h**2 - 2*h + 1. Let r be l(-3). Suppose -560 = -11*u + 6*u. What is the highest common factor of r and u?
16
Suppose 15 = 5*d - 0*d. Suppose 3*v + 2*k = 115, -2*k = 5*v - d*k - 196. Calculate the highest common factor of 13 and v.
13
Suppose 2*n - 16 = 5*m, 5*m + 10 = 5*n - 0. Let o(x) = x**3 + 3*x**2 - 2. Let a be o(n). What is the greatest common factor of a and 5?
1
Let b be ((-2)/4)/((-2)/8). Suppose 3*m - 7 = b*m. Suppose -2*x = -m*x + 200. What is the greatest common factor of x and 8?
8
Let z(s) = -s**2 + 6*s + 5. Let f be z(5). What is the highest common factor of f and 30?
10
Suppose 2*m - 24 = 4*l, 5 + 25 = -4*l + 5*m. Let t = 29 + l. Calculate the highest common factor of 3 and t.
3
Suppose -m - 2 = -5*i, 0 = -3*i - 6*m + m + 18. Suppose -2*k + 3*z - i = -42, k - 24 = -2*z. What is the highest common divisor of 11 and k?
11
Let x(q) = 2*q**3 + 3*q - 2. Let d = -17 - -19. Let o be x(d). Calculate the highest common divisor of 180 and o.
20
Let f be (-114)/(-8) - (-12)/(-48). Calculate the highest common divisor of f and 21.
7
Let b(w) = -w**2 + 4*w + 11. Let g be b(5). What is the greatest common divisor of g and 8?
2
Let f(k) = -k**3 - k**2 + 2. Let i be f(0). Suppose -37 = -i*x + 23. What is the highest common factor of 15 and x?
15
Let m = 5 + 16. Suppose -r = -5*w + 12, -3*r = 5*w - 0*w - 4. Let q be -2 + 3 + 15 + r. What is the greatest common divisor of q and m?
7
Let n be (30/(-5))/(3/4). Let r be ((-20)/n)/((-2)/(-4)). Calculate the highest common factor of 10 and r.
5
Suppose 0 = x - 4*c, -x - 2*c = 7 - 1. Suppose 4*i - 12 = 3*v + 74, -3*i - 4*v + 52 = 0. Let y = i + x. What is the highest common divisor of 2 and y?
2
Let u(c) = 39*c + 4. Let r be u(3). Let o(a) = a**3 - 11*a**2 - 11*a - 1. Let f be o(12). Calculate the highest common factor of f and r.
11
Suppose -2*l + 144 = 10*l. Let j be 98/4 + (-3)/6. What is the highest common factor of l and j?
12
Suppose 3*k + 2*t = 395, -2*k + 250 = 5*t - t. Calculate the highest common factor of 15 and k.
15
Let f = 66 - 58. Let t(z) = -z - 5. Let p be (-1)/(0 + (-1)/(-7)). Let m be t(p). 